{"id":227,"date":"2024-07-03T12:51:25","date_gmt":"2024-07-03T10:51:25","guid":{"rendered":"https:\/\/dev.garbinye.net\/?page_id=227"},"modified":"2024-07-05T10:06:39","modified_gmt":"2024-07-05T08:06:39","slug":"educacion-primaria","status":"publish","type":"page","link":"https:\/\/www.garbinye.net\/es\/educacion-primaria\/","title":{"rendered":"Educaci\u00f3n Primaria"},"content":{"rendered":"\t\t<div data-elementor-type=\"wp-page\" data-elementor-id=\"227\" class=\"elementor elementor-227 elementor-23\" data-elementor-post-type=\"page\">\n\t\t\t\t<div class=\"elementor-element elementor-element-a8af503 e-flex e-con-boxed e-con e-parent\" data-id=\"a8af503\" data-element_type=\"container\" data-e-type=\"container\" data-settings=\"{&quot;background_background&quot;:&quot;classic&quot;}\">\n\t\t\t\t\t<div class=\"e-con-inner\">\n\t\t\t\t<div class=\"elementor-element elementor-element-20213f1 elementor-widget elementor-widget-heading\" data-id=\"20213f1\" data-element_type=\"widget\" data-e-type=\"widget\" data-widget_type=\"heading.default\">\n\t\t\t\t<div class=\"elementor-widget-container\">\n\t\t\t\t\t<h1 class=\"elementor-heading-title elementor-size-default\">Educaci\u00f3n <b>Primaria<\/b><\/h1>\t\t\t\t<\/div>\n\t\t\t\t<\/div>\n\t\t\t\t\t<\/div>\n\t\t\t\t<\/div>\n\t\t<div class=\"elementor-element elementor-element-750f1ec e-flex e-con-boxed e-con e-parent\" data-id=\"750f1ec\" data-element_type=\"container\" data-e-type=\"container\">\n\t\t\t\t\t<div class=\"e-con-inner\">\n\t\t\t\t<div class=\"elementor-element elementor-element-344be54 elementor-widget elementor-widget-text-editor\" data-id=\"344be54\" data-element_type=\"widget\" data-e-type=\"widget\" data-widget_type=\"text-editor.default\">\n\t\t\t\t<div class=\"elementor-widget-container\">\n\t\t\t\t\t\t\t\t\t<p>La etapa de educaci\u00f3n Primaria comprende seis cursos (de los 6 a los 11 a\u00f1os). Durante este periodo los ni\u00f1os y ni\u00f1as aprenden de una manera significativa el que ser\u00e1 su base acad\u00e9mica que les permitir\u00e1 desarrollarse plenamente en el futuro.<\/p><p>Pensamos, no s\u00f3lo en que aprendan, sino que los alumnos que formamos de manera global en nuestro Centro ser\u00e1n personas que enriquecer\u00e1n con sus valores de esfuerzo y perseverancia la sociedad del siglo XXI.<\/p><p>Por eso en esta etapa damos mucha importancia a los aprendizajes instrumentales al igual que los aspectos emocionales, ya que son los que permiten desarrollar mejor la competencia de aprender a aprender de nuestros alumnos. Favoreciendo as\u00ed su autonom\u00eda.<\/p>\t\t\t\t\t\t\t\t<\/div>\n\t\t\t\t<\/div>\n\t\t\t\t\t<\/div>\n\t\t\t\t<\/div>\n\t\t<div class=\"elementor-element elementor-element-78d5656 e-flex e-con-boxed e-con e-parent\" data-id=\"78d5656\" data-element_type=\"container\" data-e-type=\"container\">\n\t\t\t\t\t<div class=\"e-con-inner\">\n\t\t\t\t<div class=\"elementor-element elementor-element-0efee91 elementor-widget elementor-widget-heading\" data-id=\"0efee91\" data-element_type=\"widget\" data-e-type=\"widget\" data-widget_type=\"heading.default\">\n\t\t\t\t<div class=\"elementor-widget-container\">\n\t\t\t\t\t<h2 class=\"elementor-heading-title elementor-size-default\">Acci\u00f3n tutorial y educaci\u00f3n emocional<\/h2>\t\t\t\t<\/div>\n\t\t\t\t<\/div>\n\t\t\t\t<div class=\"elementor-element elementor-element-284bd8b elementor-widget elementor-widget-text-editor\" data-id=\"284bd8b\" data-element_type=\"widget\" data-e-type=\"widget\" data-widget_type=\"text-editor.default\">\n\t\t\t\t<div class=\"elementor-widget-container\">\n\t\t\t\t\t\t\t\t\t<p>La educaci\u00f3n emocional, personal, los valores y las actitudes est\u00e1n presentes desde el momento que nuestros alumnos entran al Colegio, de una manera transversal.<\/p><p>En nuestro Centro, no s\u00f3lo nos preocupamos de que nuestro alumnado aprenda, sino de que tenga un desarrollo personal completo y equilibrado. Los docentes conocen a todos sus alumnos y sus particularidades. La figura del maestro tutor coordina toda la informaci\u00f3n y orienta a los maestros especialistas en estos aspectos.<\/p>\t\t\t\t\t\t\t\t<\/div>\n\t\t\t\t<\/div>\n\t\t\t\t\t<\/div>\n\t\t\t\t<\/div>\n\t\t<div class=\"elementor-element elementor-element-cf88b7e e-flex e-con-boxed e-con e-parent\" data-id=\"cf88b7e\" data-element_type=\"container\" data-e-type=\"container\">\n\t\t\t\t\t<div class=\"e-con-inner\">\n\t\t\t\t<div class=\"elementor-element elementor-element-8ed3fea elementor-widget elementor-widget-heading\" data-id=\"8ed3fea\" data-element_type=\"widget\" data-e-type=\"widget\" data-widget_type=\"heading.default\">\n\t\t\t\t<div class=\"elementor-widget-container\">\n\t\t\t\t\t<h2 class=\"elementor-heading-title elementor-size-default\">Grupos flexibles<\/h2>\t\t\t\t<\/div>\n\t\t\t\t<\/div>\n\t\t\t\t<div class=\"elementor-element elementor-element-cf24731 elementor-widget elementor-widget-text-editor\" data-id=\"cf24731\" data-element_type=\"widget\" data-e-type=\"widget\" data-widget_type=\"text-editor.default\">\n\t\t\t\t<div class=\"elementor-widget-container\">\n\t\t\t\t\t\t\t\t\t<p>Respetando la individualidad de nuestros alumnos, nuestra eduaci\u00f3n permite atender los aspectos individuales y las necesidades derivadas de cada uno, agrupamos nuestros alumnos y adaptamos nuestra tarea educativa.<\/p>\t\t\t\t\t\t\t\t<\/div>\n\t\t\t\t<\/div>\n\t\t\t\t\t<\/div>\n\t\t\t\t<\/div>\n\t\t<div class=\"elementor-element elementor-element-c2b02c1 e-flex e-con-boxed e-con e-parent\" data-id=\"c2b02c1\" data-element_type=\"container\" data-e-type=\"container\">\n\t\t\t\t\t<div class=\"e-con-inner\">\n\t\t\t\t<div class=\"elementor-element elementor-element-5ce2993 elementor-widget elementor-widget-heading\" data-id=\"5ce2993\" data-element_type=\"widget\" data-e-type=\"widget\" data-widget_type=\"heading.default\">\n\t\t\t\t<div class=\"elementor-widget-container\">\n\t\t\t\t\t<h2 class=\"elementor-heading-title elementor-size-default\">Potenciamos el aprendizaje del Ingl\u00e9s<\/h2>\t\t\t\t<\/div>\n\t\t\t\t<\/div>\n\t\t\t\t<div class=\"elementor-element elementor-element-50fac39 elementor-widget elementor-widget-text-editor\" data-id=\"50fac39\" data-element_type=\"widget\" data-e-type=\"widget\" data-widget_type=\"text-editor.default\">\n\t\t\t\t<div class=\"elementor-widget-container\">\n\t\t\t\t\t\t\t\t\t<p>El Ingl\u00e9s es un aspecto importante de nuestro proyecto educativo<br \/>Para potenciar el aprendizaje de este idioma, reforzamos esta \u00e1rea con sesiones semanales desdobladas con m\u00e1s maestros, ya que en peque\u00f1o grupo trabajamos de manera m\u00e1s intensiva los aspectos de expresi\u00f3n.<br \/>Tambi\u00e9n introducimos esta lengua en otras \u00e1reas como la de Inform\u00e1tica en este caso como lengua vehicular en todos los niveles, de 1\u00ba hasta 6\u00ba.<\/p>\t\t\t\t\t\t\t\t<\/div>\n\t\t\t\t<\/div>\n\t\t\t\t\t<\/div>\n\t\t\t\t<\/div>\n\t\t<div class=\"elementor-element elementor-element-7b95fbb e-flex e-con-boxed e-con e-parent\" data-id=\"7b95fbb\" data-element_type=\"container\" data-e-type=\"container\">\n\t\t\t\t\t<div class=\"e-con-inner\">\n\t\t\t\t<div class=\"elementor-element elementor-element-d350a4b elementor-widget elementor-widget-heading\" data-id=\"d350a4b\" data-element_type=\"widget\" data-e-type=\"widget\" data-widget_type=\"heading.default\">\n\t\t\t\t<div class=\"elementor-widget-container\">\n\t\t\t\t\t<h2 class=\"elementor-heading-title elementor-size-default\">Uso de las nuevas tecnolog\u00edas<\/h2>\t\t\t\t<\/div>\n\t\t\t\t<\/div>\n\t\t\t\t<div class=\"elementor-element elementor-element-3686f93 elementor-widget elementor-widget-text-editor\" data-id=\"3686f93\" data-element_type=\"widget\" data-e-type=\"widget\" data-widget_type=\"text-editor.default\">\n\t\t\t\t<div class=\"elementor-widget-container\">\n\t\t\t\t\t\t\t\t\t<p>Integramos el uso del iPad y del ordenador de manera transversal en todas las \u00e1reas. Las nuevas Tenolog\u00edas son herramientas que est\u00e1n a disposici\u00f3n del aprendizaje siempre que sea necesario con el objetivo de completar nuestra tarea educativa. Tambi\u00e9n estamos desarrollando actividades relacionadas con la Rob\u00f3tica siguiendo el programa de Lego Education WeDo 2.0<\/p>\t\t\t\t\t\t\t\t<\/div>\n\t\t\t\t<\/div>\n\t\t\t\t\t<\/div>\n\t\t\t\t<\/div>\n\t\t<div class=\"elementor-element elementor-element-ddea39f e-flex e-con-boxed e-con e-parent\" data-id=\"ddea39f\" data-element_type=\"container\" data-e-type=\"container\">\n\t\t\t\t\t<div class=\"e-con-inner\">\n\t\t\t\t<div class=\"elementor-element elementor-element-c3c3281 elementor-widget elementor-widget-heading\" data-id=\"c3c3281\" data-element_type=\"widget\" data-e-type=\"widget\" data-widget_type=\"heading.default\">\n\t\t\t\t<div class=\"elementor-widget-container\">\n\t\t\t\t\t<h2 class=\"elementor-heading-title elementor-size-default\">H\u00e1bitos y t\u00e9cnicas de estudio<\/h2>\t\t\t\t<\/div>\n\t\t\t\t<\/div>\n\t\t\t\t<div class=\"elementor-element elementor-element-7326ecd elementor-widget elementor-widget-text-editor\" data-id=\"7326ecd\" data-element_type=\"widget\" data-e-type=\"widget\" data-widget_type=\"text-editor.default\">\n\t\t\t\t<div class=\"elementor-widget-container\">\n\t\t\t\t\t\t\t\t\t<p>Para Colegio Garbi\u00f1e los aprendizajes tienen la misma importancia que las competencias y el desarrollo de las aptitudes. Por eso ense\u00f1amos a nuestros alumnos a organizarse el trabajo y el estudio de los temas que se van trabajando en la escuela. Esta actividad les ayuda mucho en las posteriores etapas obligatorias.<\/p>\t\t\t\t\t\t\t\t<\/div>\n\t\t\t\t<\/div>\n\t\t\t\t\t<\/div>\n\t\t\t\t<\/div>\n\t\t\t\t<\/div>\n\t\t","protected":false},"excerpt":{"rendered":"<p>Educaci\u00f3n Primaria La etapa de educaci\u00f3n Primaria comprende seis cursos (de los 6 a los 11 a\u00f1os). Durante este periodo los ni\u00f1os y ni\u00f1as aprenden de una manera significativa el que ser\u00e1 su base acad\u00e9mica que les permitir\u00e1 desarrollarse plenamente en el futuro. Pensamos, no s\u00f3lo en que aprendan, sino que los alumnos que formamos [&hellip;]<\/p>\n","protected":false},"author":1,"featured_media":0,"parent":0,"menu_order":20,"comment_status":"closed","ping_status":"closed","template":"","meta":{"footnotes":""},"class_list":["post-227","page","type-page","status-publish","hentry"],"_links":{"self":[{"href":"https:\/\/www.garbinye.net\/es\/wp-json\/wp\/v2\/pages\/227","targetHints":{"allow":["GET"]}}],"collection":[{"href":"https:\/\/www.garbinye.net\/es\/wp-json\/wp\/v2\/pages"}],"about":[{"href":"https:\/\/www.garbinye.net\/es\/wp-json\/wp\/v2\/types\/page"}],"author":[{"embeddable":true,"href":"https:\/\/www.garbinye.net\/es\/wp-json\/wp\/v2\/users\/1"}],"replies":[{"embeddable":true,"href":"https:\/\/www.garbinye.net\/es\/wp-json\/wp\/v2\/comments?post=227"}],"version-history":[{"count":6,"href":"https:\/\/www.garbinye.net\/es\/wp-json\/wp\/v2\/pages\/227\/revisions"}],"predecessor-version":[{"id":233,"href":"https:\/\/www.garbinye.net\/es\/wp-json\/wp\/v2\/pages\/227\/revisions\/233"}],"wp:attachment":[{"href":"https:\/\/www.garbinye.net\/es\/wp-json\/wp\/v2\/media?parent=227"}],"curies":[{"name":"wp","href":"https:\/\/api.w.org\/{rel}","templated":true}]}}

Educación Primaria

<div data-elementor-type="wp-page" data-elementor-id="227" class="elementor elementor-227 elementor-23" data-elementor-post-type="page">
				<div class="elementor-element elementor-element-a8af503 e-flex e-con-boxed e-con e-parent" data-id="a8af503" data-element_type="container" data-e-type="container" data-settings="{&quot;background_background&quot;:&quot;classic&quot;}">
					<div class="e-con-inner">
				<div class="elementor-element elementor-element-20213f1 elementor-widget elementor-widget-heading" data-id="20213f1" data-element_type="widget" data-e-type="widget" data-widget_type="heading.default">
				<div class="elementor-widget-container">
					<h1 class="elementor-heading-title elementor-size-default">Educación <b>Primaria</b></h1>				</div>
				</div>
					</div>
				</div>
		<div class="elementor-element elementor-element-750f1ec e-flex e-con-boxed e-con e-parent" data-id="750f1ec" data-element_type="container" data-e-type="container">
					<div class="e-con-inner">
				<div class="elementor-element elementor-element-344be54 elementor-widget elementor-widget-text-editor" data-id="344be54" data-element_type="widget" data-e-type="widget" data-widget_type="text-editor.default">
				<div class="elementor-widget-container">
									<p>La etapa de educación Primaria comprende seis cursos (de los 6 a los 11 años). Durante este periodo los niños y niñas aprenden de una manera significativa el que será su base académica que les permitirá desarrollarse plenamente en el futuro.</p><p>Pensamos, no sólo en que aprendan, sino que los alumnos que formamos de manera global en nuestro Centro serán personas que enriquecerán con sus valores de esfuerzo y perseverancia la sociedad del siglo XXI.</p><p>Por eso en esta etapa damos mucha importancia a los aprendizajes instrumentales al igual que los aspectos emocionales, ya que son los que permiten desarrollar mejor la competencia de aprender a aprender de nuestros alumnos. Favoreciendo así su autonomía.</p>								</div>
				</div>
					</div>
				</div>
		<div class="elementor-element elementor-element-78d5656 e-flex e-con-boxed e-con e-parent" data-id="78d5656" data-element_type="container" data-e-type="container">
					<div class="e-con-inner">
				<div class="elementor-element elementor-element-0efee91 elementor-widget elementor-widget-heading" data-id="0efee91" data-element_type="widget" data-e-type="widget" data-widget_type="heading.default">
				<div class="elementor-widget-container">
					<h2 class="elementor-heading-title elementor-size-default">Acción tutorial y educación emocional</h2>				</div>
				</div>
				<div class="elementor-element elementor-element-284bd8b elementor-widget elementor-widget-text-editor" data-id="284bd8b" data-element_type="widget" data-e-type="widget" data-widget_type="text-editor.default">
				<div class="elementor-widget-container">
									<p>La educación emocional, personal, los valores y las actitudes están presentes desde el momento que nuestros alumnos entran al Colegio, de una manera transversal.</p><p>En nuestro Centro, no sólo nos preocupamos de que nuestro alumnado aprenda, sino de que tenga un desarrollo personal completo y equilibrado. Los docentes conocen a todos sus alumnos y sus particularidades. La figura del maestro tutor coordina toda la información y orienta a los maestros especialistas en estos aspectos.</p>								</div>
				</div>
					</div>
				</div>
		<div class="elementor-element elementor-element-cf88b7e e-flex e-con-boxed e-con e-parent" data-id="cf88b7e" data-element_type="container" data-e-type="container">
					<div class="e-con-inner">
				<div class="elementor-element elementor-element-8ed3fea elementor-widget elementor-widget-heading" data-id="8ed3fea" data-element_type="widget" data-e-type="widget" data-widget_type="heading.default">
				<div class="elementor-widget-container">
					<h2 class="elementor-heading-title elementor-size-default">Grupos flexibles</h2>				</div>
				</div>
				<div class="elementor-element elementor-element-cf24731 elementor-widget elementor-widget-text-editor" data-id="cf24731" data-element_type="widget" data-e-type="widget" data-widget_type="text-editor.default">
				<div class="elementor-widget-container">
									<p>Respetando la individualidad de nuestros alumnos, nuestra eduación permite atender los aspectos individuales y las necesidades derivadas de cada uno, agrupamos nuestros alumnos y adaptamos nuestra tarea educativa.</p>								</div>
				</div>
					</div>
				</div>
		<div class="elementor-element elementor-element-c2b02c1 e-flex e-con-boxed e-con e-parent" data-id="c2b02c1" data-element_type="container" data-e-type="container">
					<div class="e-con-inner">
				<div class="elementor-element elementor-element-5ce2993 elementor-widget elementor-widget-heading" data-id="5ce2993" data-element_type="widget" data-e-type="widget" data-widget_type="heading.default">
				<div class="elementor-widget-container">
					<h2 class="elementor-heading-title elementor-size-default">Potenciamos el aprendizaje del Inglés</h2>				</div>
				</div>
				<div class="elementor-element elementor-element-50fac39 elementor-widget elementor-widget-text-editor" data-id="50fac39" data-element_type="widget" data-e-type="widget" data-widget_type="text-editor.default">
				<div class="elementor-widget-container">
									<p>El Inglés es un aspecto importante de nuestro proyecto educativo<br />Para potenciar el aprendizaje de este idioma, reforzamos esta área con sesiones semanales desdobladas con más maestros, ya que en pequeño grupo trabajamos de manera más intensiva los aspectos de expresión.<br />También introducimos esta lengua en otras áreas como la de Informática en este caso como lengua vehicular en todos los niveles, de 1º hasta 6º.</p>								</div>
				</div>
					</div>
				</div>
		<div class="elementor-element elementor-element-7b95fbb e-flex e-con-boxed e-con e-parent" data-id="7b95fbb" data-element_type="container" data-e-type="container">
					<div class="e-con-inner">
				<div class="elementor-element elementor-element-d350a4b elementor-widget elementor-widget-heading" data-id="d350a4b" data-element_type="widget" data-e-type="widget" data-widget_type="heading.default">
				<div class="elementor-widget-container">
					<h2 class="elementor-heading-title elementor-size-default">Uso de las nuevas tecnologías</h2>				</div>
				</div>
				<div class="elementor-element elementor-element-3686f93 elementor-widget elementor-widget-text-editor" data-id="3686f93" data-element_type="widget" data-e-type="widget" data-widget_type="text-editor.default">
				<div class="elementor-widget-container">
									<p>Integramos el uso del iPad y del ordenador de manera transversal en todas las áreas. Las nuevas Tenologías son herramientas que están a disposición del aprendizaje siempre que sea necesario con el objetivo de completar nuestra tarea educativa. También estamos desarrollando actividades relacionadas con la Robótica siguiendo el programa de Lego Education WeDo 2.0</p>								</div>
				</div>
					</div>
				</div>
		<div class="elementor-element elementor-element-ddea39f e-flex e-con-boxed e-con e-parent" data-id="ddea39f" data-element_type="container" data-e-type="container">
					<div class="e-con-inner">
				<div class="elementor-element elementor-element-c3c3281 elementor-widget elementor-widget-heading" data-id="c3c3281" data-element_type="widget" data-e-type="widget" data-widget_type="heading.default">
				<div class="elementor-widget-container">
					<h2 class="elementor-heading-title elementor-size-default">Hábitos y técnicas de estudio</h2>				</div>
				</div>
				<div class="elementor-element elementor-element-7326ecd elementor-widget elementor-widget-text-editor" data-id="7326ecd" data-element_type="widget" data-e-type="widget" data-widget_type="text-editor.default">
				<div class="elementor-widget-container">
									<p>Para Colegio Garbiñe los aprendizajes tienen la misma importancia que las competencias y el desarrollo de las aptitudes. Por eso enseñamos a nuestros alumnos a organizarse el trabajo y el estudio de los temas que se van trabajando en la escuela. Esta actividad les ayuda mucho en las posteriores etapas obligatorias.</p>								</div>
				</div>
					</div>
				</div>
				</div>

<p>Educación Primaria La etapa de educación Primaria comprende seis cursos (de los 6 a los 11 años). Durante este periodo los niños y niñas aprenden de una manera significativa el que será su base académica que les permitirá desarrollarse plenamente en el futuro. Pensamos, no sólo en que aprendan, sino que los alumnos que formamos [&hellip;]</p>
